(18).
-236
Let w(y) = -6*y**2 - 36*y + 109. Give w(-8).
13
Let p(i) = 47*i + 981. Determine p(-21).
-6
Let n(s) = -67*s - 187. Calculate n(-6).
215
Let w(p) = -14*p**3 - p**2 - 2*p + 2. What is w(1)?
-15
Let g(s) = -4*s**2 + 17*s + 15. Calculate g(5).
0
Let k(t) = -t**3 - 8*t**2 + 58*t + 253. What is k(-10)?
-127
Let p(a) = 327*a - 11777. Determine p(36).
-5
Let u(y) = 24*y**3 + 2*y**2 - y - 1. Give u(-2).
-183
Let v(a) = 4*a**2 + 79*a + 145. Give v(-18).
19
Let i(a) = 3*a**2 - 41*a + 128. What is i(6)?
-10
Let d(r) = 13*r**2 + 172*r - 174. Determine d(1).
11
Let n(r) = r**3 + 14*r**2 + 34*r + 107. Determine n(-12).
-13
Let p(a) = 2*a**3 - 2*a**2 - 10. Calculate p(3).
26
Let y(u) = 74*u - 440. Determine y(6).
4
Let c(z) = 42*z + 81. What is c(-3)?
-45
Let d(o) = -2*o**2 - 149*o + 253. What is d(-76)?
25
Let y(o) = o**3 + o**2 - 422*o + 30. What is y(20)?
-10
Let l(o) = -o**3 - 142*o**2 - 1067*o + 654. Give l(-134).
-16
Let f(n) = -n**2 - 32*n - 41. Give f(-27).
94
Let b(n) = n**2 + 991*n + 3967. Give b(-4).
19
Let i(s) = -2*s**3 + 14*s**2 - 21*s + 37. Determine i(7).
-110
Let q(l) = l**3 - l**2 - 210*l - 206. Give q(-1).
2
Let q(c) = 213*c**2 + 1711*c + 63. Give q(-8).
7
Let g(n) = -5*n**2 - 531*n - 138. Determine g(-106).
-32
Let b(o) = -81*o + 1540. Determine b(19).
1
Let o(v) = 6*v**2 - 37*v + 68. Give o(9).
221
Let o(a) = 2*a**3 - 5*a**2 + 39. Calculate o(-5).
-336
Let v(n) = 15*n - 62. Give v(5).
13
Let y(d) = 9*d**2 - 15*d - 14. What is y(-1)?
10
Let r(d) = d**2 - 7*d - 54. What is r(0)?
-54
Let g(u) = -18*u + 183. Give g(37).
-483
Let k(m) = 5*m**2 - 164*m - 62. What is k(33)?
-29
Let w(q) = -65*q. What is w(1)?
-65
Let k(q) = -4*q**3 - 15*q**2 - 14*q + 1. Determine k(-3).
16
Let h(k) = -4580*k - 39. What is h(0)?
-39
Let y(i) = -i**3 + 15*i**2 - 59*i + 41. Calculate y(5).
-4
Let l(c) = -3*c**2 + 16*c - 23. Give l(-6).
-227
Let h(u) = -8*u**2 + 192*u + 8. Determine h(24).
8
Let p(o) = -221*o + 5606. Calculate p(26).
-140
Let f(n) = 20*n**2 + 71*n - 137. What is f(2)?
85
Let y(w) = -22*w + 809. Determine y(33).
83
Let x(b) = b**3 - 21*b**2 - 11*b + 429. Calculate x(21).
198
Let w(p) = -p**2 - 40*p - 143. What is w(-33)?
88
Let n(a) = -49*a**3 - 25*a**2 + 24*a + 1. Determine n(1).
-49
Let o(g) = -20*g - 775. Give o(-45).
125
Let s(y) = -4*y**3 + 175*y**2 + 43*y + 205. Calculate s(44).
161
Let w(k) = -k**3 + 6*k**2 - 15*k - 3. What is w(8)?
-251
Let b(d) = 13*d**2 - 7*d + 11. Give b(-4).
247
Let k(c) = -51*c - 9. Calculate k(1).
-60
Let f(d) = -35*d**2 + 33*d - 18. What is f(1)?
-20
Let y(u) = -23*u - 460. Determine y(-13).
-161
Let f(o) = -o**3 + 155*o**2 - 452*o - 559. What is f(152)?
49
Let v(i) = 10*i - 87. Determine v(-9).
-177
Let h(y) = 3*y**2 - 40*y + 25. Determine h(17).
212
Let l(x) = -x**3 - 48*x**2 - 73*x + 880. Determine l(-46).
6
Let f(g) = -2*g**3 + 35*g**2 - 37. Determine f(17).
252
Let p(s) = 8*s**2 + 122*s - 332. What is p(3)?
106
Let p(v) = 124*v + 32. What is p(2)?
280
Let n(l) = -2*l**2 + 33*l + 560. Give n(27).
-7
Let j(a) = 290*a + 551. Determine j(-2).
-29
Let q(s) = -s**2 - 2*s - 2. What is q(2)?
-10
Let h(b) = 7*b**2 + 2*b + 14. Calculate h(-5).
179
Let x(p) = 2*p**3 + 12*p**2 + 3*p - 2. Calculate x(-5).
33
Let c(a) = -a**3 + 24*a**2 - 47*a - 85. Calculate c(22).
-151
Let c(y) = 73*y - 1552. Determine c(21).
-19
Let m(y) = y**2 - 104*y + 1101. What is m(92)?
-3
Let w(v) = 6*v**2 - 147*v + 729. Determine w(7).
-6
Let p(n) = -3*n**3 + 6*n**2 - 10*n + 27. Determine p(5).
-248
Let r(n) = n**2 - 25*n + 162. Give r(11).
8
Let o(x) = x**3 + 11*x**2 - 58*x - 174. Give o(-14).
50
Let v(q) = q**3 + 2*q**2 - 49*q - 68. Give v(6).
-74
Let n(s) = -6*s**2 + 166*s + 1718. Give n(-8).
6
Let h(t) = -2*t**2 + 45*t - 62. Calculate h(18).
100
Let l(t) = -7*t**2 - 4*t + 23. Calculate l(0).
23
Let s(v) = -35*v - 634. Determine s(-16).
-74
Let q(m) = m**3 + 7*m**2 - 5*m - 1. What is q(-9)?
-118
Let g(b) = -23*b + 19. Determine g(-1).
42
Let h(m) = -m**3 + 12*m**2 + 220*m - 73. Give h(22).
-73
Let z(k) = -16*k - 40. Determine z(20).
-360
Let b(y) = 2*y**2 - 7*y - 297. Determine b(-12).
75
Let k(r) = 21*r**2 - 258*r + 761. Calculate k(6).
-31
Let m(r) = -4*r**2 + 41*r + 138. What is m(-3)?
-21
Let o(h) = 38*h + 323. Calculate o(-5).
133
Let x(p) = -p**3 - 172*p**2 + 335*p + 57618. Calculate x(-172).
-2
Let f(q) = 2*q**3 + 609*q**2 + 1515*q + 1500. Determine f(-302).
-10
Let m(f) = -100*f + 4754. Give m(47).
54
Let y(a) = -a**2 - 78*a + 707. Calculate y(-87).
-76
Let w(p) = -p**3 - 6*p**2 - 42*p - 311. Calculate w(-7).
32
Let b(n) = -34*n - 7871. Give b(-231).
-17
Let z(t) = -19*t**2 + 341*t - 27. Calculate z(18).
-45
Let l(u) = 513*u - 7135. Calculate l(14).
47
Let j(p) = 902*p - 148. Determine j(1).
754
Let m(v) = -v**3 - 6*v**2 + 19*v - 4. What is m(-8)?
-28
Let s(x) = -x**3 - 7*x**2 - 19*x. Calculate s(-4).
28
Let c(z) = 188*z + 674. Calculate c(-3).
110
Let h(v) = -2*v**2 + 20*v - 92. Give h(4).
-44
Let j(i) = -i**2 + 27*i - 110. Calculate j(10).
60
Let q(k) = -k**3 + 13*k**2 + 258*k - 8. Give q(-11).
58
Let d(y) = 15*y**2 - 10*y + 6. Determine d(1).
11
Let c(k) = -130*k + 135. Calculate c(1).
5
Let j(b) = 17*b**2 + 5*b - 6. Determine j(1).
16
Let i(p) = -5*p**3 - 2*p**2 + 19*p + 23. Give i(-1).
7
Let z(x) = 2*x + 47. Determine z(2).
51
Let i(v) = -v**3 - 12*v**2 - 37*v - 25. What is i(-8)?
15
Let o(a) = -a**3 - a**2 + a - 17. What is o(6)?
-263
Let f(u) = 4*u**3 + 5*u**2 + 26*u + 53. What is f(-2)?
-11
Let r(i) = -7*i**3 - i**2 + 3*i - 5. Give r(2).
-59
Let u(b) = b**2 + 10*b - 606. Calculate u(20).
-6
Let o(q) = -1438*q - 255964. What is o(-178)?
0
Let w(k) = 40*k - 90. Calculate w(3).
30
Let g(q) = -47*q + 2245. Determine g(58).
-481
Let v(l) = -2*l**3 + 90*l**2 + 2*l - 80. Calculate v(45).
10
Let c(w) = -15*w + 110. What is c(8)?
-10
Let b(h) = 19*h + 412. Determine b(-14).
146
Let k(g) = -g**3 - 9*g**2 + 37*g + 167. Give k(-11).
2
Let d(y) = -95*y + 17. Give d(-1).
112
Let z(d) = d**2 + 32*d - 128. What is z(4)?
16
Let p(d) = 22*d**2 - 5*d + 3. Calculate p(3).
186
Let q(f) = -3*f**2 + 51*f - 8. Calculate q(18).
-62
Let l(a) = 2*a**3 + 27*a**2 - 73*a - 788. Give l(-14).
38
Let a(d) = 2630*d + 5261. Give a(-2).
1
Let w(v) = 37*v + 314. Calculate w(-11).
-93
Let l(n) = 55*n**2 - 1210*n - 1. Give l(22).
-1
Let l(h) = h**3 - 9*h**2 - 87*h + 525. Determine l(6).
-105
Let h(x) = 14*x + 359. What is h(-31)?
-75
Let s(t) = -255*t + 1277. Determine s(5).
2
Let i(o) = o**3 + 2*o**2 - 15*o - 58. Give i(-3).
-22
Let u(h) = 2*h**3 + 240*h**2 - 990*h + 232. Give u(-124).
-16
Let r(t) = -894*t - 1793. What is r(-2)?
-5
Let q(l) = -10*l**2 + 273*l - 77. What is q(27)?
4
Let h(y) = 571*y + 570. Give h(-1).
-1
Let z(n) = -n**2 + 294*n - 1169. Give z(4).
-9
Let d(w) = -14*w + 598. Determine d(42).
10
Let x(c) = 3*c**2 - 291*c - 599. Calculate x(99).
-5
Let y(b) = -181*b + 7536. Give y(41).
115
Let c(d) = -122*d - 1940. Give c(-13).
-354
Let b(f) = -f**3 - 426*f**2 - 22868*f + 370. What is b(-363)?
7
Let w(z) = -2*z**3 + 179*z**2 - 62*z - 2441. Calculate w(89).
-38
Let k(h) = -h**3 - 49*h**2 + 44*h - 233. Calculate k(-50).
67
Let v(z) = z**2 + 23*z - 49. Calculate v(-42).
749
Let p(y) = -2*y**3 - y**2 - 8*y - 44. What is p(-4)?
100
Let i(x) = -x**3 - 39*x**2 + 363*x - 616. What is i(-47)?
-5
Let r(l) = l**3 - 14*l**2 + 8*l + 28. Give r(11).
-247
Let j(m) = -m**3 - 27*m**2 + 19*m - 1122. What is j(-29)?
9
Let h(y) = y**3 + 25*y**2 - 190*y + 24. Give h(6).
0
Let m(p) = -p**3 - 7*p**2 - 5*p - 32. Determine m(-7).
3
Let x(o) = -o**3 - 46*o**2 - 452*o - 133. Give x(-32).
-5
Let s(i) = 4*i**2 + 24*i + 54. Determine s(-5).
34
Let m(b) = 5*b - 192. Give m(7).
-157
Let k(d) = d**2 - 24*d - 102. Give k(28).
10
Let n(x) = -3*x**2 + 6. What is n(-4)?
-42
Let o(y) = 18*y + 103. Give o(-7).
-23
Let y(w) = -w**2 - 20*w - 79. Give y(-16).
-15
Let p(y) = 41*y**2 + 9*y - 27. What is p(4)?
665
Let m(u) = -68*u**3 + 2*u**2 - 23*u + 21. What is m(1)?
-68
Let w(u) = u**2 - 15*u + 1. Determine w(11).
-43
Let z(f) = -f**3 + 8*f**2 + 80*f + 24. Calculate z(15).
-351
Let h(p) = -p**2 + 31*p - 202. Calculate h(21).
8
Let p(z) = -z**3 + 2*z**2 + 1. Give p(1).
2
Let h(r) = -2*r**3 - 97*r**2 - 49*r + 1. Calculate h(-48).
49
Let j(f) = -17*f - 90. Calculate j(-7).
29
Let q(r)